 v*p = -7*p + 140. Let k = -32 + 46. Calculate the greatest common factor of k and p.
14
Let p be (-21*(-6)/(-18))/((-2)/4). What is the greatest common factor of p and 72?
2
Let u be -2 - 2*(-15)/6. Suppose 59 = 6*b - 4*b + 5*x, 4*x = -u*b + 85. What is the greatest common factor of b and 108?
27
Let f be 4/10 - 12/(-10)*3. Let x(t) = 3*t - t - 7*t - 3*t**2 + 4 + f*t**2. Let n be x(5). Calculate the highest common divisor of 1 and n.
1
Suppose 119*v - 321 = 447 - 54. What is the highest common divisor of v and 2265?
3
Let q = 40 + -29. Suppose -136 = 3*y - q*y. Suppose 13*a = y*a - 200. What is the greatest common factor of 50 and a?
50
Suppose 3*p + 25*x - 393 = 23*x, 501 = 4*p - 5*x. Calculate the highest common divisor of p and 93.
3
Let r(s) = 2*s**2 + 58*s - 42. Let c be r(-31). Suppose 3*v + 5*x - 110 = 0, 3*v + 2*x + c = 6*v. Calculate the highest common divisor of 90 and v.
30
Let n be 2574/126 + -20 - (-6084)/14. What is the greatest common divisor of n and 75?
15
Suppose 3*n = -m + 129, 4*m + 25*n = 29*n + 468. Suppose -144 = x - 4*x. Calculate the highest common factor of x and m.
24
Let p(z) = 8*z**2 + 4*z - 34. Let w be p(-4). Calculate the highest common factor of w and 6123.
39
Suppose 89357 = 36*a + 50*a - 4039. Calculate the highest common factor of 6 and a.
6
Let g be (-93)/21 - -4 - 69*57/(-63). Calculate the greatest common factor of g and 651.
31
Let i be (-2)/(14/(-359)) - 14/49. Let o = 57 - i. Suppose -2*j + 45 = o*u - u, -5*u - j = -50. Calculate the greatest common divisor of u and 55.
11
Let h = 42 + -30. Let p = 633 + -945. Let f = -252 - p. What is the highest common factor of h and f?
12
Let z be 17/(-85) - ((-42)/10 - 2). Suppose -10*p + 75 = -z*p - 5*i, -2*p - 4*i = -44. Let l = 115 + -65. What is the highest common factor of p and l?
10
Let y(a) = 16*a**2 - 24*a + 75. Let g(c) = 47*c**2 - 72*c + 225. Let o(p) = 3*g(p) - 8*y(p). Let r be o(5). What is the greatest common factor of 105 and r?
35
Suppose 62*f = -24*f + 1571306. Calculate the greatest common factor of f and 151.
151
Suppose -2*o + 7 + 1 = 0. Suppose -o*m - 5*b + 715 = m, 2*m + 4*b - 282 = 0. What is the greatest common factor of 5 and m?
5
Let f(s) = -s**3 - 26*s**2 - 51*s - 56. Let h = -166 + 142. Let v be f(h). What is the highest common factor of v and 368?
16
Let w = -261 + 263. Suppose 3*n - 2*p - 373 = -w*n, n - 89 = 4*p. Calculate the highest common divisor of n and 365.
73
Let r = -414 + 418. Let v be (44/7)/(13/(910/r)). Calculate the greatest common factor of v and 11.
11
Let i = 10216 + -10193. What is the highest common divisor of 18607 and i?
23
Suppose 5*w = -2*t - t - 588, w = 3*t - 132. Let c = w - -260. Let h = 8 + 12. What is the greatest common factor of h and c?
20
Suppose 238*l - 233*l - 60954 = -2*o, 0 = -2*l + 5*o + 24341. What is the highest common divisor of l and 44?
44
Let d(w) = -442*w + 20. Let y be d(0). Let m be 0/(-2) - (5 - 5). Let h be m + -1*(-11 + 1). Calculate the greatest common factor of y and h.
10
Let n(l) = -35*l**2 - 2102*l + 6. Let k be n(-60). Calculate the greatest common divisor of 3339 and k.
63
Let p(q) be the first derivative of -7/2*q**2 - 31 + 20*q. Let g be p(-4). What is the highest common factor of 32 and g?
16
Let g be (-2)/(-4)*-9*(-4)/6. Suppose -w + 0 = -g. Suppose -5*r + 2*i = -w*r - 16, -3*r + 5*i = -28. Calculate the highest common factor of r and 9.
3
Let x(z) = -30*z + 35. Let t(c) = -2*c + 1. Let i(u) = 20*t(u) - x(u). Let s be i(-4). What is the greatest common divisor of s and 50?
25
Let t = 2630 - 2456. Calculate the greatest common factor of 2958 and t.
174
Suppose -82*y + 5374 = -78*y - p, 2*y = p + 2686. What is the highest common factor of 78 and y?
6
Let q = 329 + -209. Let l = -1223 + 1271. Calculate the greatest common divisor of l and q.
24
Let x be (27/(-2))/((-7)/14). Suppose -l + x = -69. Let f(i) = 25*i**2 + 2*i - 3. Let d be f(1). What is the highest common factor of l and d?
24
Let q = -130 - -132. Suppose 4*x = -5*b + 141, q*b - 81 = -2*x + 3*b. What is the greatest common divisor of x and 104?
13
Let z(w) = -6*w - 63. Let l be z(-11). Suppose 8 = -4*b, -l*i + 99 = -b - 38. Calculate the greatest common factor of 5 and i.
5
Let q(a) = -56*a + 21. Let n be q(2). Let f = -21 - n. What is the greatest common factor of f and 14?
14
Let c be (-2)/(7 - 9) - (1 + -2). Suppose -8 = -4*d, 2*z + c*z = -d + 322. Calculate the greatest common divisor of z and 64.
16
Let k(o) = o**3 + 28*o**2 + 146*o + 8. Let p be k(-8). What is the greatest common divisor of p and 1260?
60
Suppose -15*o + 48 = -7*o. Let t be 2996/6 - (48/9 - o). Calculate the greatest common factor of 150 and t.
50
Let m(a) = -34*a + 190. Let q be m(5). Let f = -127 - -202. What is the greatest common divisor of f and q?
5
Let a(t) = 25*t - 1. Let p be a(-6). Suppose 158 = -m - m. Let n = m - p. Calculate the greatest common divisor of 48 and n.
24
Let y be (-3)/42*-4 - (-10840)/(-14). Let i be (-8)/20 + y/(-10). Let j be (-12)/66 + 395/55. What is the greatest common factor of j and i?
7
Let x = -51390 + 51402. Suppose z = -2*z + 84. Let p = -12 + z. What is the greatest common factor of p and x?
4
Suppose -50*g - 368 = -54*g. Let z be (3 - g/12)/(26/(-351)). Calculate the greatest common divisor of z and 21.
21
Let t(c) = -96*c**2 + c + 1. Let m be t(1). Let l = m + 226. Calculate the highest common divisor of l and 33.
33
Suppose 5*s - 3*f = 5207 + 363, -5570 = -5*s - 5*f. Let r = -596 + s. Calculate the greatest common factor of 74 and r.
74
Let s(j) = -j**3 - 9*j**2 + 34*j + 364. Let m be s(-8). Calculate the highest common divisor of 17276 and m.
28
Suppose -3*x + 4*g = -39451, -23*x - 5*g = -28*x + 65765. What is the highest common factor of 214 and x?
107
Suppose 0 = -54*h + 59*h - 260. Suppose 0 = 3*n + 2*p - 82, n - 70 = -2*n + 4*p. What is the highest common divisor of h and n?
26
Let n be (4 - (-131 - -6))*1/1. Let h(o) = -o**3 - 26*o**2 - 4*o - 61. Let w = -4 - 22. Let m be h(w). What is the highest common divisor of n and m?
43
Let x be (-2)/(-1) - (-8 - 3). Let s(d) = -d**3 + 11*d**2 + 27*d + 17. Let k be s(x). What is the greatest common factor of k and 195?
15
Let n(k) = 46*k + 529. Let o be n(9). What is the greatest common divisor of 82 and o?
41
Let p = -1697 + 1825. Let v be 538/8 - 32/p. Let c = -85 - -420. Calculate the highest common divisor of v and c.
67
Suppose 52*y = -20*y - 60*y + 4752. Calculate the greatest common factor of y and 92.
4
Suppose -24*r = 17*r + 9*r - 341850. Calculate the greatest common factor of 516 and r.
129
Suppose -11*g + 1336 = -3*g. Suppose 9*w - 3*z = 7*w + 664, 0 = w - 3*z - 332. Let x = w - g. Calculate the greatest common factor of 15 and x.
15
Suppose -12 = 7*u - 11*u. Suppose -b - u - 5 = -z, -2*b = 2*z. Suppose z*m - 72 = 2*m. Calculate the highest common factor of m and 4.
4
Let j(u) = 354*u**2 - 5*u - 7. Let h be j(-2). Let z = 2019 - h. Suppose 249 = 2*b - 5*g - 35, 4*b = 2*g + z. Calculate the highest common divisor of b and 8.
8
Suppose 0 = -4*s - 2*q + 232, 0 = 3*q - 12. Suppose -85*z = -77*z - s. What is the greatest common factor of z and 49?
7
Let i = -692 + 748. Suppose -114 = -2*c - 2. Calculate the greatest common divisor of c and i.
56
Suppose 2*o - 13 + 1 = 0. Suppose -74*m + 320 = -42*m. What is the highest common factor of m and o?
2
Suppose 13*t + 104 = z + 12*t, 0 = 4*z + 2*t - 416. Suppose -z = -6*a + 5*a. Calculate the greatest common factor of a and 26.
26
Suppose 2*v - 18 = -4*g, 5*v = -3*g + 6*v + 21. Let y be ((0 - g) + 3)*-2*1. Calculate the greatest common factor of 15 and y.
3
Let l = 146 + -133. Suppose 0 = -5*n + n + 216. Suppose -12*p + l*p = n. Calculate the greatest common factor of p and 6.
6
Let v = -65 + 94. Let c(b) = -76*b + 297. Let r be c(2). What is the greatest common divisor of v and r?
29
Let v(t) = -229*t - 6598. Let q be v(-29). What is the greatest common factor of q and 5504?
43
Suppose 4*w = -l - 0*w + 7248, -3*l + 21760 = -4*w. Suppose -20*n + l = -6*n. Calculate the greatest common factor of 28 and n.
14
Let w(t) = 11*t + 155. Let h be w(-11). Suppose 312 = h*y - 21*y. Calculate the greatest common factor of y and 276.
12
Suppose -3*a + 2 + 13 = q, 3*q - 65 = -5*a. Suppose 2*y - q = 8*y. Let z be 1